{"id":469,"date":"2023-12-18T01:59:26","date_gmt":"2023-12-17T22:59:26","guid":{"rendered":"https:\/\/erensurucukursu.com.tr\/?page_id=469"},"modified":"2023-12-18T01:59:26","modified_gmt":"2023-12-17T22:59:26","slug":"galeri","status":"publish","type":"page","link":"https:\/\/erensurucukursu.com.tr\/index.php\/galeri\/","title":{"rendered":"Galeri"},"content":{"rendered":"\n<h2 class=\"wp-block-heading has-text-align-center has-text-color has-link-color has-primary-font-family has-xx-large-font-size wp-elements-12b069f59e3f9dc7fee6374625723a41\" style=\"color:#cc6343;padding-top:var(--wp--preset--spacing--medium);padding-right:0;padding-bottom:var(--wp--preset--spacing--medium);padding-left:0;letter-spacing:5px;line-height:1.5\">Galeri<\/h2>\n\n\n\n<figure class=\"wp-block-gallery has-nested-images columns-default is-cropped wp-block-gallery-2 is-layout-flex wp-block-gallery-is-layout-flex\">\n<figure data-wp-context=\"{&quot;imageId&quot;:&quot;69e23180a99cd&quot;}\" data-wp-interactive=\"core\/image\" data-wp-key=\"69e23180a99cd\" class=\"wp-block-image size-large has-custom-border is-style-default wp-duotone-unset-1 wp-lightbox-container\"><img loading=\"lazy\" decoding=\"async\" width=\"847\" height=\"1024\" data-wp-class--hide=\"state.isContentHidden\" data-wp-class--show=\"state.isContentVisible\" data-wp-init=\"callbacks.setButtonStyles\" data-wp-on--click=\"actions.showLightbox\" data-wp-on--load=\"callbacks.setButtonStyles\" data-wp-on-window--resize=\"callbacks.setButtonStyles\" data-id=\"470\" src=\"https:\/\/erensurucukursu.com.tr\/wp-content\/uploads\/2023\/12\/Kurs-Fotografi-1-847x1024.png\" alt=\"\" class=\"wp-image-470\" style=\"border-style:none;border-width:0px;border-radius:53px\" srcset=\"https:\/\/erensurucukursu.com.tr\/wp-content\/uploads\/2023\/12\/Kurs-Fotografi-1-847x1024.png 847w, https:\/\/erensurucukursu.com.tr\/wp-content\/uploads\/2023\/12\/Kurs-Fotografi-1-248x300.png 248w, https:\/\/erensurucukursu.com.tr\/wp-content\/uploads\/2023\/12\/Kurs-Fotografi-1-768x928.png 768w, https:\/\/erensurucukursu.com.tr\/wp-content\/uploads\/2023\/12\/Kurs-Fotografi-1.png 853w\" sizes=\"auto, (max-width: 847px) 100vw, 847px\" \/><button\n\t\t\tclass=\"lightbox-trigger\"\n\t\t\ttype=\"button\"\n\t\t\taria-haspopup=\"dialog\"\n\t\t\taria-label=\"Enlarge\"\n\t\t\tdata-wp-init=\"callbacks.initTriggerButton\"\n\t\t\tdata-wp-on--click=\"actions.showLightbox\"\n\t\t\tdata-wp-style--right=\"state.imageButtonRight\"\n\t\t\tdata-wp-style--top=\"state.imageButtonTop\"\n\t\t>\n\t\t\t<svg xmlns=\"http:\/\/www.w3.org\/2000\/svg\" width=\"12\" height=\"12\" fill=\"none\" viewBox=\"0 0 12 12\">\n\t\t\t\t<path fill=\"#fff\" d=\"M2 0a2 2 0 0 0-2 2v2h1.5V2a.5.5 0 0 1 .5-.5h2V0H2Zm2 10.5H2a.5.5 0 0 1-.5-.5V8H0v2a2 2 0 0 0 2 2h2v-1.5ZM8 12v-1.5h2a.5.5 0 0 0 .5-.5V8H12v2a2 2 0 0 1-2 2H8Zm2-12a2 2 0 0 1 2 2v2h-1.5V2a.5.5 0 0 0-.5-.5H8V0h2Z\" \/>\n\t\t\t<\/svg>\n\t\t<\/button><\/figure>\n\n\n\n<figure class=\"wp-block-image size-large has-custom-border\"><img loading=\"lazy\" decoding=\"async\" width=\"836\" height=\"1024\" data-id=\"471\" src=\"https:\/\/erensurucukursu.com.tr\/wp-content\/uploads\/2023\/12\/Kurs-Fotografi-2-836x1024.png\" alt=\"\" class=\"wp-image-471\" style=\"border-radius:53px\" srcset=\"https:\/\/erensurucukursu.com.tr\/wp-content\/uploads\/2023\/12\/Kurs-Fotografi-2-836x1024.png 836w, https:\/\/erensurucukursu.com.tr\/wp-content\/uploads\/2023\/12\/Kurs-Fotografi-2-245x300.png 245w, https:\/\/erensurucukursu.com.tr\/wp-content\/uploads\/2023\/12\/Kurs-Fotografi-2-768x941.png 768w, https:\/\/erensurucukursu.com.tr\/wp-content\/uploads\/2023\/12\/Kurs-Fotografi-2.png 850w\" sizes=\"auto, (max-width: 836px) 100vw, 836px\" \/><\/figure>\n\n\n\n<figure class=\"wp-block-image size-large has-custom-border\"><img loading=\"lazy\" decoding=\"async\" width=\"768\" height=\"1024\" data-id=\"472\" src=\"https:\/\/erensurucukursu.com.tr\/wp-content\/uploads\/2023\/12\/Kurs-Fotografi-3-768x1024.jpg\" alt=\"\" class=\"wp-image-472\" style=\"border-radius:53px\" srcset=\"https:\/\/erensurucukursu.com.tr\/wp-content\/uploads\/2023\/12\/Kurs-Fotografi-3-768x1024.jpg 768w, https:\/\/erensurucukursu.com.tr\/wp-content\/uploads\/2023\/12\/Kurs-Fotografi-3-225x300.jpg 225w, https:\/\/erensurucukursu.com.tr\/wp-content\/uploads\/2023\/12\/Kurs-Fotografi-3.jpg 960w\" sizes=\"auto, (max-width: 768px) 100vw, 768px\" \/><\/figure>\n\n\n\n<figure class=\"wp-block-image size-large has-custom-border\"><img loading=\"lazy\" decoding=\"async\" width=\"960\" height=\"720\" data-id=\"474\" src=\"https:\/\/erensurucukursu.com.tr\/wp-content\/uploads\/2023\/12\/Kurs-Fotografi-5.jpg\" alt=\"\" class=\"wp-image-474\" style=\"border-radius:53px\" srcset=\"https:\/\/erensurucukursu.com.tr\/wp-content\/uploads\/2023\/12\/Kurs-Fotografi-5.jpg 960w, https:\/\/erensurucukursu.com.tr\/wp-content\/uploads\/2023\/12\/Kurs-Fotografi-5-300x225.jpg 300w, https:\/\/erensurucukursu.com.tr\/wp-content\/uploads\/2023\/12\/Kurs-Fotografi-5-768x576.jpg 768w\" sizes=\"auto, (max-width: 960px) 100vw, 960px\" \/><\/figure>\n\n\n\n<figure class=\"wp-block-image size-large has-custom-border\"><img loading=\"lazy\" decoding=\"async\" width=\"768\" height=\"1024\" data-id=\"473\" src=\"https:\/\/erensurucukursu.com.tr\/wp-content\/uploads\/2023\/12\/Kurs-Fotografi-4-768x1024.jpg\" alt=\"\" class=\"wp-image-473\" style=\"border-radius:53px\" srcset=\"https:\/\/erensurucukursu.com.tr\/wp-content\/uploads\/2023\/12\/Kurs-Fotografi-4-768x1024.jpg 768w, https:\/\/erensurucukursu.com.tr\/wp-content\/uploads\/2023\/12\/Kurs-Fotografi-4-225x300.jpg 225w, https:\/\/erensurucukursu.com.tr\/wp-content\/uploads\/2023\/12\/Kurs-Fotografi-4.jpg 960w\" sizes=\"auto, (max-width: 768px) 100vw, 768px\" \/><\/figure>\n\n\n\n<figure class=\"wp-block-image size-large has-custom-border\"><img loading=\"lazy\" decoding=\"async\" width=\"720\" height=\"960\" data-id=\"475\" src=\"https:\/\/erensurucukursu.com.tr\/wp-content\/uploads\/2023\/12\/Kurs-Fotografi-6.jpg\" alt=\"\" class=\"wp-image-475\" style=\"border-radius:53px\" srcset=\"https:\/\/erensurucukursu.com.tr\/wp-content\/uploads\/2023\/12\/Kurs-Fotografi-6.jpg 720w, https:\/\/erensurucukursu.com.tr\/wp-content\/uploads\/2023\/12\/Kurs-Fotografi-6-225x300.jpg 225w\" sizes=\"auto, (max-width: 720px) 100vw, 720px\" \/><\/figure>\n\n\n\n<figure class=\"wp-block-image size-large\"><img loading=\"lazy\" decoding=\"async\" width=\"768\" height=\"1024\" data-id=\"476\" src=\"https:\/\/erensurucukursu.com.tr\/wp-content\/uploads\/2023\/12\/Kurs-Fotografi-7-768x1024.jpg\" alt=\"\" class=\"wp-image-476\" srcset=\"https:\/\/erensurucukursu.com.tr\/wp-content\/uploads\/2023\/12\/Kurs-Fotografi-7-768x1024.jpg 768w, https:\/\/erensurucukursu.com.tr\/wp-content\/uploads\/2023\/12\/Kurs-Fotografi-7-225x300.jpg 225w, https:\/\/erensurucukursu.com.tr\/wp-content\/uploads\/2023\/12\/Kurs-Fotografi-7.jpg 960w\" sizes=\"auto, (max-width: 768px) 100vw, 768px\" \/><\/figure>\n<\/figure>\n","protected":false},"excerpt":{"rendered":"<p>Galeri<\/p>\n","protected":false},"author":1,"featured_media":0,"parent":0,"menu_order":0,"comment_status":"closed","ping_status":"closed","template":"","meta":{"footnotes":""},"class_list":["post-469","page","type-page","status-publish","hentry"],"yoast_head":"<!-- This site is optimized with the Yoast SEO plugin v21.7 - https:\/\/yoast.com\/wordpress\/plugins\/seo\/ -->\n<title>Galeri - Eren S\u00fcr\u00fcc\u00fc Kursu<\/title>\n<meta name=\"robots\" content=\"index, follow, max-snippet:-1, max-image-preview:large, max-video-preview:-1\" \/>\n<link rel=\"canonical\" href=\"https:\/\/erensurucukursu.com.tr\/index.php\/galeri\/\" \/>\n<meta property=\"og:locale\" content=\"en_US\" \/>\n<meta property=\"og:type\" content=\"article\" \/>\n<meta property=\"og:title\" content=\"Galeri - Eren S\u00fcr\u00fcc\u00fc Kursu\" \/>\n<meta property=\"og:description\" content=\"Galeri\" \/>\n<meta property=\"og:url\" content=\"https:\/\/erensurucukursu.com.tr\/index.php\/galeri\/\" \/>\n<meta property=\"og:site_name\" content=\"Eren S\u00fcr\u00fcc\u00fc Kursu\" \/>\n<meta property=\"og:image\" content=\"https:\/\/erensurucukursu.com.tr\/wp-content\/uploads\/2023\/12\/Kurs-Fotografi-1-847x1024.png\" \/>\n<meta name=\"twitter:card\" content=\"summary_large_image\" \/>\n<script type=\"application\/ld+json\" class=\"yoast-schema-graph\">{\"@context\":\"https:\/\/schema.org\",\"@graph\":[{\"@type\":\"WebPage\",\"@id\":\"https:\/\/erensurucukursu.com.tr\/index.php\/galeri\/\",\"url\":\"https:\/\/erensurucukursu.com.tr\/index.php\/galeri\/\",\"name\":\"Galeri - Eren S\u00fcr\u00fcc\u00fc Kursu\",\"isPartOf\":{\"@id\":\"https:\/\/erensurucukursu.com.tr\/#website\"},\"datePublished\":\"2023-12-17T22:59:26+00:00\",\"dateModified\":\"2023-12-17T22:59:26+00:00\",\"breadcrumb\":{\"@id\":\"https:\/\/erensurucukursu.com.tr\/index.php\/galeri\/#breadcrumb\"},\"inLanguage\":\"en-US\",\"potentialAction\":[{\"@type\":\"ReadAction\",\"target\":[\"https:\/\/erensurucukursu.com.tr\/index.php\/galeri\/\"]}]},{\"@type\":\"BreadcrumbList\",\"@id\":\"https:\/\/erensurucukursu.com.tr\/index.php\/galeri\/#breadcrumb\",\"itemListElement\":[{\"@type\":\"ListItem\",\"position\":1,\"name\":\"Home\",\"item\":\"https:\/\/erensurucukursu.com.tr\/\"},{\"@type\":\"ListItem\",\"position\":2,\"name\":\"Galeri\"}]},{\"@type\":\"WebSite\",\"@id\":\"https:\/\/erensurucukursu.com.tr\/#website\",\"url\":\"https:\/\/erensurucukursu.com.tr\/\",\"name\":\"Eren S\u00fcr\u00fcc\u00fc Kursu\",\"description\":\"Ehliyet Yolculu\u011funda Size Arkada\u015f\",\"publisher\":{\"@id\":\"https:\/\/erensurucukursu.com.tr\/#organization\"},\"potentialAction\":[{\"@type\":\"SearchAction\",\"target\":{\"@type\":\"EntryPoint\",\"urlTemplate\":\"https:\/\/erensurucukursu.com.tr\/?s={search_term_string}\"},\"query-input\":\"required name=search_term_string\"}],\"inLanguage\":\"en-US\"},{\"@type\":\"Organization\",\"@id\":\"https:\/\/erensurucukursu.com.tr\/#organization\",\"name\":\"Eren S\u00fcr\u00fcc\u00fc Kursu\",\"url\":\"https:\/\/erensurucukursu.com.tr\/\",\"logo\":{\"@type\":\"ImageObject\",\"inLanguage\":\"en-US\",\"@id\":\"https:\/\/erensurucukursu.com.tr\/#\/schema\/logo\/image\/\",\"url\":\"https:\/\/erensurucukursu.com.tr\/wp-content\/uploads\/2023\/12\/logo-without-watermark.png\",\"contentUrl\":\"https:\/\/erensurucukursu.com.tr\/wp-content\/uploads\/2023\/12\/logo-without-watermark.png\",\"width\":300,\"height\":263,\"caption\":\"Eren S\u00fcr\u00fcc\u00fc Kursu\"},\"image\":{\"@id\":\"https:\/\/erensurucukursu.com.tr\/#\/schema\/logo\/image\/\"},\"sameAs\":[\"https:\/\/www.instagram.com\/uskerenmtsk\/\"]}]}<\/script>\n<!-- \/ Yoast SEO plugin. -->","yoast_head_json":{"title":"Galeri - Eren S\u00fcr\u00fcc\u00fc Kursu","robots":{"index":"index","follow":"follow","max-snippet":"max-snippet:-1","max-image-preview":"max-image-preview:large","max-video-preview":"max-video-preview:-1"},"canonical":"https:\/\/erensurucukursu.com.tr\/index.php\/galeri\/","og_locale":"en_US","og_type":"article","og_title":"Galeri - Eren S\u00fcr\u00fcc\u00fc Kursu","og_description":"Galeri","og_url":"https:\/\/erensurucukursu.com.tr\/index.php\/galeri\/","og_site_name":"Eren S\u00fcr\u00fcc\u00fc Kursu","og_image":[{"url":"https:\/\/erensurucukursu.com.tr\/wp-content\/uploads\/2023\/12\/Kurs-Fotografi-1-847x1024.png"}],"twitter_card":"summary_large_image","schema":{"@context":"https:\/\/schema.org","@graph":[{"@type":"WebPage","@id":"https:\/\/erensurucukursu.com.tr\/index.php\/galeri\/","url":"https:\/\/erensurucukursu.com.tr\/index.php\/galeri\/","name":"Galeri - Eren S\u00fcr\u00fcc\u00fc Kursu","isPartOf":{"@id":"https:\/\/erensurucukursu.com.tr\/#website"},"datePublished":"2023-12-17T22:59:26+00:00","dateModified":"2023-12-17T22:59:26+00:00","breadcrumb":{"@id":"https:\/\/erensurucukursu.com.tr\/index.php\/galeri\/#breadcrumb"},"inLanguage":"en-US","potentialAction":[{"@type":"ReadAction","target":["https:\/\/erensurucukursu.com.tr\/index.php\/galeri\/"]}]},{"@type":"BreadcrumbList","@id":"https:\/\/erensurucukursu.com.tr\/index.php\/galeri\/#breadcrumb","itemListElement":[{"@type":"ListItem","position":1,"name":"Home","item":"https:\/\/erensurucukursu.com.tr\/"},{"@type":"ListItem","position":2,"name":"Galeri"}]},{"@type":"WebSite","@id":"https:\/\/erensurucukursu.com.tr\/#website","url":"https:\/\/erensurucukursu.com.tr\/","name":"Eren S\u00fcr\u00fcc\u00fc Kursu","description":"Ehliyet Yolculu\u011funda Size Arkada\u015f","publisher":{"@id":"https:\/\/erensurucukursu.com.tr\/#organization"},"potentialAction":[{"@type":"SearchAction","target":{"@type":"EntryPoint","urlTemplate":"https:\/\/erensurucukursu.com.tr\/?s={search_term_string}"},"query-input":"required name=search_term_string"}],"inLanguage":"en-US"},{"@type":"Organization","@id":"https:\/\/erensurucukursu.com.tr\/#organization","name":"Eren S\u00fcr\u00fcc\u00fc Kursu","url":"https:\/\/erensurucukursu.com.tr\/","logo":{"@type":"ImageObject","inLanguage":"en-US","@id":"https:\/\/erensurucukursu.com.tr\/#\/schema\/logo\/image\/","url":"https:\/\/erensurucukursu.com.tr\/wp-content\/uploads\/2023\/12\/logo-without-watermark.png","contentUrl":"https:\/\/erensurucukursu.com.tr\/wp-content\/uploads\/2023\/12\/logo-without-watermark.png","width":300,"height":263,"caption":"Eren S\u00fcr\u00fcc\u00fc Kursu"},"image":{"@id":"https:\/\/erensurucukursu.com.tr\/#\/schema\/logo\/image\/"},"sameAs":["https:\/\/www.instagram.com\/uskerenmtsk\/"]}]}},"jetpack_sharing_enabled":true,"_links":{"self":[{"href":"https:\/\/erensurucukursu.com.tr\/index.php\/wp-json\/wp\/v2\/pages\/469","targetHints":{"allow":["GET"]}}],"collection":[{"href":"https:\/\/erensurucukursu.com.tr\/index.php\/wp-json\/wp\/v2\/pages"}],"about":[{"href":"https:\/\/erensurucukursu.com.tr\/index.php\/wp-json\/wp\/v2\/types\/page"}],"author":[{"embeddable":true,"href":"https:\/\/erensurucukursu.com.tr\/index.php\/wp-json\/wp\/v2\/users\/1"}],"replies":[{"embeddable":true,"href":"https:\/\/erensurucukursu.com.tr\/index.php\/wp-json\/wp\/v2\/comments?post=469"}],"version-history":[{"count":1,"href":"https:\/\/erensurucukursu.com.tr\/index.php\/wp-json\/wp\/v2\/pages\/469\/revisions"}],"predecessor-version":[{"id":477,"href":"https:\/\/erensurucukursu.com.tr\/index.php\/wp-json\/wp\/v2\/pages\/469\/revisions\/477"}],"wp:attachment":[{"href":"https:\/\/erensurucukursu.com.tr\/index.php\/wp-json\/wp\/v2\/media?parent=469"}],"curies":[{"name":"wp","href":"https:\/\/api.w.org\/{rel}","templated":true}]}}